{"id":19,"date":"2013-11-29T11:03:38","date_gmt":"2013-11-29T11:03:38","guid":{"rendered":"http:\/\/wunderflunker.de\/?page_id=19"},"modified":"2020-03-09T08:36:02","modified_gmt":"2020-03-09T08:36:02","slug":"app-2","status":"publish","type":"page","link":"http:\/\/wunderflunker.de\/","title":{"rendered":"App"},"content":{"rendered":"<p><span style=\"font-family: Arial,sans-serif;\"><b>Wuppertal entdecken<\/b><\/span><\/p>\n<p><span style=\"font-family: Arial,sans-serif;\"><b> <\/b>Nach dem Konzept der beiden K\u00fcnstler Thomas Beimel + Olaf Reitz f\u00fchrt die Schauspielerin Caroline Keufen zu verschiedenen Stationen, an denen Vergangenes und Zuk\u00fcnftiges vergegenw\u00e4rtigt wird. <\/span><\/p>\n<p><span style=\"font-family: Arial,sans-serif;\"><b>Fakten &amp; Fiktion<\/b><\/span><\/p>\n<p><span style=\"font-family: Arial,sans-serif;\">Das Motto der Tour nimmt Bezug auf die aktuelle Lage der Stadt: \u201eWer arm ist, muss sich immer wieder neu erfinden.\u201c Deswegen begibt sich WunderFlunkerStadtRundfahrt auf einen Pfad zwischen Fakten &amp; Fiktion.<br \/>\nDie eigensinnige Mischung aus Tradition, Legende und Fantasie entf\u00fchrt in die Welt des M\u00f6glichen. An der Gestaltung dieser innovativen Pr\u00e4sentationsform beteiligte sich ein breites Spektrum der Bewohner und Institutionen dieser Stadt: \u00fcber 200 Personen &#8211; von jung bis alt, von lange schon Beheimateten bis hin zu Neuank\u00f6mmlingen. <\/span><\/p>\n<p><span style=\"font-family: Arial,sans-serif;\"><b>Ein bisschen Spa\u00df muss sein<\/b><\/span><\/p>\n<p><span style=\"font-family: Arial,sans-serif;\">Die App verbindet einen Audioguide mit zus\u00e4tzlichen Funktionen. Leicht nachvollziehbar wird man durch die Stadt gef\u00fchrt: auf einer Route, die zum Schmunzeln einl\u00e4dt. Und wer m\u00f6chte, darf Mitsingen und das Tanzbein schwingen. Die Verbindung mit Fotofunktionen sorgt daf\u00fcr, dass bleibende Momente entstehen von der Entdeckungstour durch Wuppertal.<\/span><\/p>\n<h1><strong>DANK AN:<\/strong><\/h1>\n<p>Ministerium f\u00fcr Familie, Kinder, Jugend, Kultur und Sport des Landes Nordrhein-Westfalen (MFKJKS) \/\/ Regionale Kulturf\u00f6rderung Bergisches Land<\/p>\n<p><img loading=\"lazy\" class=\"alignnone size-medium wp-image-88\" src=\"http:\/\/wunderflunker.de\/wp-content\/uploads\/2013\/11\/Logo_NRW_MFKJKS_CMYK-300x61.jpg\" alt=\"Logo_NRW_MFKJKS_CMYK\" width=\"300\" height=\"61\" srcset=\"http:\/\/wunderflunker.de\/wp-content\/uploads\/2013\/11\/Logo_NRW_MFKJKS_CMYK-300x61.jpg 300w, http:\/\/wunderflunker.de\/wp-content\/uploads\/2013\/11\/Logo_NRW_MFKJKS_CMYK-1024x209.jpg 1024w, http:\/\/wunderflunker.de\/wp-content\/uploads\/2013\/11\/Logo_NRW_MFKJKS_CMYK-624x127.jpg 624w, http:\/\/wunderflunker.de\/wp-content\/uploads\/2013\/11\/Logo_NRW_MFKJKS_CMYK.jpg 1156w\" sizes=\"(max-width: 300px) 100vw, 300px\" \/><\/p>\n<p>Wuppertal Marketing GmbH<\/p>\n<p><a href=\"http:\/\/www.wuppertal-marketing.de\/\" target=\"_blank\" rel=\"noopener noreferrer\"><img loading=\"lazy\" class=\"alignnone size-medium wp-image-86\" src=\"http:\/\/wunderflunker.de\/wp-content\/uploads\/2013\/11\/logo_wuppertal-marketing-300x33.gif\" alt=\"logo_wuppertal marketing\" width=\"300\" height=\"33\" \/><\/a><\/p>\n<p>Kulturb\u00fcro der Stadt Wuppertal<\/p>\n<p><a href=\"https:\/\/www.wuppertal.de\/kultur-bildung\/kulturbuero\/\" target=\"_blank\" rel=\"noopener noreferrer\"><img loading=\"lazy\" class=\"alignnone size-medium wp-image-87\" src=\"http:\/\/wunderflunker.de\/wp-content\/uploads\/2013\/11\/logo_kulturbuero_1z-300x64.jpg\" alt=\"logo_kulturbuero_1z\" width=\"300\" height=\"64\" srcset=\"http:\/\/wunderflunker.de\/wp-content\/uploads\/2013\/11\/logo_kulturbuero_1z-300x64.jpg 300w, http:\/\/wunderflunker.de\/wp-content\/uploads\/2013\/11\/logo_kulturbuero_1z-624x135.jpg 624w, http:\/\/wunderflunker.de\/wp-content\/uploads\/2013\/11\/logo_kulturbuero_1z.jpg 850w\" sizes=\"(max-width: 300px) 100vw, 300px\" \/><\/a><\/p>\n<p>Stadtsparkasse Wuppertal<\/p>\n<p><img loading=\"lazy\" class=\"alignnone size-medium wp-image-91\" src=\"http:\/\/wunderflunker.de\/wp-content\/uploads\/2013\/11\/ssk-WTAL-HKS13-300x101.jpg\" alt=\"ssk-WTAL-HKS13\" width=\"300\" height=\"101\" srcset=\"http:\/\/wunderflunker.de\/wp-content\/uploads\/2013\/11\/ssk-WTAL-HKS13-300x101.jpg 300w, http:\/\/wunderflunker.de\/wp-content\/uploads\/2013\/11\/ssk-WTAL-HKS13-624x211.jpg 624w, http:\/\/wunderflunker.de\/wp-content\/uploads\/2013\/11\/ssk-WTAL-HKS13.jpg 922w\" sizes=\"(max-width: 300px) 100vw, 300px\" \/><\/p>\n<p>Bergische Entwicklungsagentur<br \/>\n<a href=\"http:\/\/www.bergisches-dreieck.de\"><img loading=\"lazy\" class=\"alignnone  wp-image-158\" src=\"http:\/\/wunderflunker.de\/wp-content\/uploads\/2013\/11\/BEA_Logo_Web.jpg\" alt=\"BEA_Logo_Web\" width=\"327\" height=\"67\" srcset=\"http:\/\/wunderflunker.de\/wp-content\/uploads\/2013\/11\/BEA_Logo_Web.jpg 667w, http:\/\/wunderflunker.de\/wp-content\/uploads\/2013\/11\/BEA_Logo_Web-300x60.jpg 300w, http:\/\/wunderflunker.de\/wp-content\/uploads\/2013\/11\/BEA_Logo_Web-624x126.jpg 624w\" sizes=\"(max-width: 327px) 100vw, 327px\" \/><\/a><\/p>\n<p>Botanischer Garten (Stadt Wuppertal)<\/p>\n<p><img loading=\"lazy\" class=\"alignnone size-full wp-image-93\" src=\"http:\/\/wunderflunker.de\/wp-content\/uploads\/2013\/11\/logo_bot-garten.gif\" alt=\"logo_bot-garten\" width=\"100\" height=\"67\" \/><\/p>\n<p>Feuerwehr der Stadt Wuppertal<\/p>\n<p><img loading=\"lazy\" class=\"alignnone size-medium wp-image-94\" src=\"http:\/\/wunderflunker.de\/wp-content\/uploads\/2013\/11\/w_logo_002_feuerwehr_400.gif\" alt=\"w_logo_002_feuerwehr_400\" width=\"290\" height=\"58\" \/><b><\/b><\/p>\n<p><strong>Publisher<\/strong><br \/>\nlet&#8217;s dev GmbH &amp; Co.KG<\/p>\n<p><a href=\"http:\/\/www.letsdev.de\/\" target=\"_blank\" rel=\"noopener noreferrer\"><img loading=\"lazy\" src=\"http:\/\/wunderflunker.de\/wp-content\/uploads\/2013\/11\/letsdev_logo.png\" alt=\"letsdev_logo\" width=\"125\" height=\"125\" \/><\/a><\/p>\n<p style=\"text-align: center;\"><b>Eine Produktion von:<br \/>\n<\/b>Thomas Beimel und Olaf Reitz (p)2013<\/p>\n","protected":false},"excerpt":{"rendered":"<p>Wuppertal entdecken Nach dem Konzept der beiden K\u00fcnstler Thomas Beimel + Olaf Reitz f\u00fchrt die Schauspielerin Caroline Keufen zu verschiedenen Stationen, an denen Vergangenes und Zuk\u00fcnftiges vergegenw\u00e4rtigt wird. Fakten &amp; Fiktion Das Motto der Tour nimmt Bezug auf die aktuelle Lage der Stadt: \u201eWer arm ist, muss sich immer wieder neu erfinden.\u201c Deswegen begibt sich [&hellip;]<\/p>\n","protected":false},"author":1,"featured_media":0,"parent":0,"menu_order":2,"comment_status":"closed","ping_status":"closed","template":"","meta":[],"_links":{"self":[{"href":"http:\/\/wunderflunker.de\/index.php?rest_route=\/wp\/v2\/pages\/19"}],"collection":[{"href":"http:\/\/wunderflunker.de\/index.php?rest_route=\/wp\/v2\/pages"}],"about":[{"href":"http:\/\/wunderflunker.de\/index.php?rest_route=\/wp\/v2\/types\/page"}],"author":[{"embeddable":true,"href":"http:\/\/wunderflunker.de\/index.php?rest_route=\/wp\/v2\/users\/1"}],"replies":[{"embeddable":true,"href":"http:\/\/wunderflunker.de\/index.php?rest_route=%2Fwp%2Fv2%2Fcomments&post=19"}],"version-history":[{"count":26,"href":"http:\/\/wunderflunker.de\/index.php?rest_route=\/wp\/v2\/pages\/19\/revisions"}],"predecessor-version":[{"id":182,"href":"http:\/\/wunderflunker.de\/index.php?rest_route=\/wp\/v2\/pages\/19\/revisions\/182"}],"wp:attachment":[{"href":"http:\/\/wunderflunker.de\/index.php?rest_route=%2Fwp%2Fv2%2Fmedia&parent=19"}],"curies":[{"name":"wp","href":"https:\/\/api.w.org\/{rel}","templated":true}]}}