{"id":33,"date":"2013-11-29T11:21:12","date_gmt":"2013-11-29T11:21:12","guid":{"rendered":"http:\/\/wunderflunker.de\/?page_id=33"},"modified":"2013-12-18T21:00:17","modified_gmt":"2013-12-18T21:00:17","slug":"mitwirkende","status":"publish","type":"page","link":"http:\/\/wunderflunker.de\/?page_id=33","title":{"rendered":"Mitwirkende"},"content":{"rendered":"<p><strong>IDEE &amp; KONZEPT<\/strong><br \/>\n<a href=\"#beimel\">Thomas Beimel<\/a><br \/>\n<a href=\"#reitz\">Olaf Reitz<\/a><\/p>\n<p><strong>SPRECHERIN<\/strong><br \/>\n<a href=\"#keufen\">Caroline Keufen<\/a><\/p>\n<p><strong>H\u00d6RBAR<\/strong><br \/>\nChristine Altmann<br \/>\nD\u00f6rte Bald<br \/>\nRobert Boden | Bergische Musikschule<br \/>\nJens Brockmann<br \/>\nBettina Daug<br \/>\nPaul Decker<br \/>\nRobert Essig<br \/>\nSuse von Foerster<br \/>\nMiriam Freymond<br \/>\nGunda Gottschalk<br \/>\nAlbert Groth<br \/>\nWolfgang Kl\u00e4sener<br \/>\nSimone Krampe<br \/>\nAndreas Orwat<br \/>\nPartita Radicale<br \/>\nManuela Randlinger-Bilz<br \/>\nArtur Rivo<br \/>\nMartin St\u00fcrtzer &amp; Christian Stritzel (Sph\u00e4re Sechs)<br \/>\nBergisches Blechbl\u00e4serensemble<br \/>\nCronenberger M\u00e4nnerchor<br \/>\nHochschule f\u00fcr Musik und Tanz K\u00f6ln\/ Standort Wuppertal<br \/>\nKantorei Barmen-Gemarke<br \/>\nMitglieder der Wuppertaler Sinfoniker<br \/>\nMusiktheatergruppe Alte Feuerwache Nachbarschaftsheim e.V.<\/p>\n<p><strong>SICHTBAR<\/strong><br \/>\nSabine Comes<br \/>\nSabine Kreiter<br \/>\nChristine M\u00f6bbeck<br \/>\nAndrea Raak<br \/>\nMartin Smida<br \/>\nWasiliki Noulesa<br \/>\nAusbildungszentrum der Rheinischen Textilindustrie e.V.<br \/>\nOffene Gemeinschaftsgrundschule Liegnitzer Stra\u00dfe<br \/>\n&lt;papierARTisten&gt; &#8211; freie K\u00fcnstlergruppe \/ SPZ Wuppertal Barmen<\/p>\n<p><strong>BEWEGLICH<\/strong><br \/>\nChun-Hsien Wu<\/p>\n<p><a name=\"beimel\"><\/a><strong>THOMAS BEIMEL<\/strong><\/p>\n<p><a href=\"http:\/\/wunderflunker.de\/wp-content\/uploads\/2013\/11\/beimel1.jpg\"><img loading=\"lazy\" class=\"alignnone size-medium wp-image-81\" alt=\"beimel\" src=\"http:\/\/wunderflunker.de\/wp-content\/uploads\/2013\/11\/beimel1-300x228.jpg\" width=\"300\" height=\"228\" srcset=\"http:\/\/wunderflunker.de\/wp-content\/uploads\/2013\/11\/beimel1-300x228.jpg 300w, http:\/\/wunderflunker.de\/wp-content\/uploads\/2013\/11\/beimel1.jpg 545w\" sizes=\"(max-width: 300px) 100vw, 300px\" \/><\/a>1967 in Essen geboren, ging er hinaus in die Fremde: studierte Komposition in Bukarest und recherchierte zu Neuer Musik in Lateinamerika. Mit dem Ensemble \u201ePartita Radicale\u201d improvisiert er von Tirana bis Gummersbach. Als Tonsetzer modelliert er ungew\u00f6hnliche Kombinationen: f\u00fcr nur eine Kehle oder viele Akteure. Die Tradition \u2013 von Gregorianik bis zum Pop \u2013 bleibt pr\u00e4sent. Portraitkonzerte in N\u00fcrnberg, Essen, Wuppertal und Bukarest; Rundfunkportraits im Concertzender (Hilversum), dem Bayerischen Rundfunk (M\u00fcnchen), dem Mitteldeutschen Rundfunk (Halle), und dem WDR (K\u00f6ln). Oper, Klanglandschaften f\u00fcr f\u00fcnf Akkordenorchester, Installationen im Rosengarten oder klassisches Streichquartett: alles ist m\u00f6glich.<\/p>\n<p><a href=\"http:\/\/www.thomasbeimel.de\" target=\"_blank\"><em>www.thomasbeimel.de<\/em><\/a><\/p>\n<p>&nbsp;<\/p>\n<p><a name=\"reitz\"><\/a><strong>Olaf Reitz<\/strong><\/p>\n<p><a href=\"http:\/\/wunderflunker.de\/wp-content\/uploads\/2013\/11\/reitz1.jpg\"><img loading=\"lazy\" class=\"alignnone size-medium wp-image-83\" alt=\"reitz\" src=\"http:\/\/wunderflunker.de\/wp-content\/uploads\/2013\/11\/reitz1-300x228.jpg\" width=\"300\" height=\"228\" srcset=\"http:\/\/wunderflunker.de\/wp-content\/uploads\/2013\/11\/reitz1-300x228.jpg 300w, http:\/\/wunderflunker.de\/wp-content\/uploads\/2013\/11\/reitz1.jpg 545w\" sizes=\"(max-width: 300px) 100vw, 300px\" \/><\/a>Exil-Barmer, Baujahr 1969 | Schauspieler, Sprecher, Regiss\u00f6r, Klanginstallat\u00f6r, Theatermach\u00f6r, Raum-Forsch\u00f6r | verkn\u00fcpft Wort (Literatur) &amp; Klang (Musik) | Gastauftritte u.a. in Madrid (Werkstatt der Schmetterlinge), Wipperf\u00fcrth, New York (\u201eCologne Art Meets North Amerika\u201d) , Zypern (Medea) und Wichlinghausen | H\u00f6rbuchpreis \u201eRote Feder&#8220; (mit \u201aHamlet&#8216; 2006) | leiht regelm\u00e4\u00dfig seine Stimme dem Zeitzeichen (WDR), Tiersendungen (National Geographic &amp; BBC) und fremden Menschen.<\/p>\n<p><a href=\"http:\/\/www.olafreitz.de\" target=\"_blank\"><em>www.olafreitz.de<\/em><\/a><\/p>\n<p><a name=\"keufen\"><\/a><strong>CAROLINE KEUFEN<\/strong><\/p>\n<p><a href=\"http:\/\/wunderflunker.de\/wp-content\/uploads\/2013\/11\/keufen1.jpg\"><img loading=\"lazy\" class=\"alignnone size-medium wp-image-82\" alt=\"keufen\" src=\"http:\/\/wunderflunker.de\/wp-content\/uploads\/2013\/11\/keufen1-300x228.jpg\" width=\"300\" height=\"228\" srcset=\"http:\/\/wunderflunker.de\/wp-content\/uploads\/2013\/11\/keufen1-300x228.jpg 300w, http:\/\/wunderflunker.de\/wp-content\/uploads\/2013\/11\/keufen1.jpg 545w\" sizes=\"(max-width: 300px) 100vw, 300px\" \/><\/a> Entwickelt und realisiert seit Abschluss ihres Schauspielstudiums an der Theaterakademie Ulm Theater- und Kunstprojekte in sparten\u00fcbergreifenden Kooperationen. Feste Projekte sind das Videomusiktheater Wuppertal und literatuprogramme.de. Im Eventbereich entstehen unter eigener Regie und im Ensemble Ortsbegehungen, Freilichtinszenierungen, Zirkus- und Dinnershows, Walkacts. Regelm\u00e4\u00dfig tritt sie mit Lesungen auf und arbeitet als Sprecherin und Moderatorin.<\/p>\n","protected":false},"excerpt":{"rendered":"<p>IDEE &amp; KONZEPT Thomas Beimel Olaf Reitz SPRECHERIN Caroline Keufen H\u00d6RBAR Christine Altmann D\u00f6rte Bald Robert Boden | Bergische Musikschule Jens Brockmann Bettina Daug Paul Decker Robert Essig Suse von Foerster Miriam Freymond Gunda Gottschalk Albert Groth Wolfgang Kl\u00e4sener Simone Krampe Andreas Orwat Partita Radicale Manuela Randlinger-Bilz Artur Rivo Martin St\u00fcrtzer &amp; Christian Stritzel (Sph\u00e4re [&hellip;]<\/p>\n","protected":false},"author":1,"featured_media":0,"parent":0,"menu_order":5,"comment_status":"closed","ping_status":"closed","template":"","meta":[],"_links":{"self":[{"href":"http:\/\/wunderflunker.de\/index.php?rest_route=\/wp\/v2\/pages\/33"}],"collection":[{"href":"http:\/\/wunderflunker.de\/index.php?rest_route=\/wp\/v2\/pages"}],"about":[{"href":"http:\/\/wunderflunker.de\/index.php?rest_route=\/wp\/v2\/types\/page"}],"author":[{"embeddable":true,"href":"http:\/\/wunderflunker.de\/index.php?rest_route=\/wp\/v2\/users\/1"}],"replies":[{"embeddable":true,"href":"http:\/\/wunderflunker.de\/index.php?rest_route=%2Fwp%2Fv2%2Fcomments&post=33"}],"version-history":[{"count":5,"href":"http:\/\/wunderflunker.de\/index.php?rest_route=\/wp\/v2\/pages\/33\/revisions"}],"predecessor-version":[{"id":101,"href":"http:\/\/wunderflunker.de\/index.php?rest_route=\/wp\/v2\/pages\/33\/revisions\/101"}],"wp:attachment":[{"href":"http:\/\/wunderflunker.de\/index.php?rest_route=%2Fwp%2Fv2%2Fmedia&parent=33"}],"curies":[{"name":"wp","href":"https:\/\/api.w.org\/{rel}","templated":true}]}}